 1/12*u**4 - 2/3*u**3. Let c(r) be the third derivative of d(r). Determine c(2).
8
Let t(l) = 8*l + 1. Let x be 0 + 2 - (-8)/2. Let v = -8 + x. Give t(v).
-15
Let f be 3 + 0*(-1)/2. Let g(l) = -3*l + 2*l**2 + 2*l + f - 3*l. Calculate g(2).
3
Let j(x) = x**3 + 5*x**2 - x. Let o = -6 + 6. Suppose p + o = -5. Give j(p).
5
Suppose -y + 4*y = 12. Let g(o) = 2*o - 3. Calculate g(y).
5
Let r(x) = 1 + 887*x**3 - 886*x**3 + x**2 + 2*x**2. Calculate r(-2).
5
Let n(g) = -g**3 + g**2 + g. Suppose 5*f = 2*f - 3. Let t(x) = 5*x**3 - 3*x**2 - 3*x - 1. Let k(l) = f*t(l) - 6*n(l). Suppose -61*z = -58*z - 12. What is k(z)?
5
Let z(r) = 9*r**2 - r. Suppose 19 = -k - 5*d + 5, 3*d + 9 = 0. Give z(k).
8
Let y(s) = 2*s**3 - 5*s**2 + s - 1. Let h = 10 - 15. Let u(l) = -3*l**3 + 8*l**2 - 2*l + 1. Let p(k) = h*u(k) - 7*y(k). Determine p(3).
-7
Let g(y) be the first derivative of 2 - 2/3*y**3 - y**2 - 2*y. Calculate g(-2).
-6
Let b(m) = -3*m**3 + m**2 - m. Let o(y) = -2*y**3 - y**2. Let x be o(-1). Calculate b(x).
-3
Let k be (-1)/(-2) - (-5)/2. Let q(r) = -2 + 0 + k - 2 + 2*r**2. Determine q(-1).
1
Let m(t) = t**2 + 15 + 2*t + 5 - 19. Calculate m(-4).
9
Let a = 6 + 11. Let j(h) = a*h**3 + 2 - 2*h + h**2 + 3*h - 16*h**3. Determine j(0).
2
Let n be 1/2 - 65/(-10). Let k(q) = q**2 - 7*q + 9. What is k(n)?
9
Let i be 2/(2*(0 + -1)). Let w be 6/(0 - (-2)/1). Let h(t) = -2*t**w - 4*t**3 + 2*t**2 - 2*t + 3*t. Give h(i).
7
Suppose 2*f - m + 6 = 4*f, 3*m = f + 4. Let n(h) be the first derivative of -2 + 0*h + 1/2*h**f. Determine n(4).
4
Let v be 1/(4 - 42/10). Let p(k) = -k + 1. Calculate p(v).
6
Let o(l) = -l - 8. Let u(z) = -z - 10. Let k be u(-4). What is o(k)?
-2
Let i(c) = 5*c + 1. Let h(n) = -n**3 + 3*n**2 - 1. Let d be h(1). Let j be -1 + (d - 4 - -3). Determine i(j).
-4
Suppose -i - 5 = v, i = v - 4*i - 13. Suppose -4 = -4*x + 4. Let l(h) = h**2 - h**2 - x*h + 4*h**2 - 3*h**2 - 2. Give l(v).
6
Let o = -2 + 2. Let q(a) = 2*a + 0*a + o*a - 3. Suppose 2*r + 4 = 14. What is q(r)?
7
Let f(c) = 2*c + 4. Let a(p) = -p + 14. Suppose -5*z = -2*k - 49, -4*z - k - 17 + 64 = 0. Let i be a(z). Calculate f(i).
10
Suppose l = 6*l - 20. Let r(d) = d - 4. Let m be r(l). Suppose m = 2*h - h. Let a(k) = k + 2. What is a(h)?
2
Let b(x) = x**3 - 8*x**2 + 2*x - 9. Let c be b(8). Let o = c - 3. Let i(y) be the third derivative of -y**5/60 + y**4/6 + y**3/2 - 2*y**2. What is i(o)?
3
Let l(c) = c - 9. Let z be l(11). Let j = z + 0. Let b(v) = -3*v - v**3 + 7*v + v**2 + 2 + j*v**2 - 6. What is b(3)?
8
Suppose 3*b - 11 = -5*t, 1 = -t + 4*b - 6. Let h(g) = 2 + 4*g - t - 3. Let j = -30 - -32. What is h(j)?
6
Let f(h) = -2*h + 3. Let n(q) = q**3 + 12*q**2 + 4. Let o be n(-12). Give f(o).
-5
Let z(n) = n**3 + n**2 + 2*n - 3. Let r(x) = 1. Let p(q) = -4*r(q) - z(q). Calculate p(-1).
1
Let m(b) = b**2 - 6*b - 5. Let c = -1 - 2. Let y(k) = k**3 + 4*k**2 - 3. Let s be y(c). What is m(s)?
-5
Let v(n) = -n**3 - 4*n**2 + n - 5. Suppose -d + 5*i - 21 = -2*d, 2*i - 9 = -d. Suppose m = -s + d, -2 - 3 = -3*s - 5*m. Suppose -12 = 3*k - s*k. Determine v(k).
-9
Let i be 114/21 + (-12)/28. Let z(a) = 7*a - 2*a**3 - 6 - 2*a**3 + 4*a**2 + 3*a**3. Calculate z(i).
4
Let p(t) = t**3 - t**2 - t + 1. Let k(h) = -2*h**2 - 23*h - 11. Let r be k(-11). Calculate p(r).
1
Let o(s) be the first derivative of s**4/4 - 2*s**3 - s**2 + 9*s + 8. What is o(6)?
-3
Let h(z) be the second derivative of -2*z**3/3 + z**2/2 - 165*z. Suppose -s = -0*s + 5*f + 18, -3*f - 4 = 4*s. What is h(s)?
-7
Let v(f) = f**3 + 6*f**2 - 6*f + 9. Suppose a + 19 = -4*u, 3*u - 3 = 4*u. Let j be v(a). Let n(k) = k**2 + 2*k - 3. Calculate n(j).
5
Let a(d) = 20*d - 23. Let t(r) = 7*r - 8. Let j(z) = 4*a(z) - 11*t(z). Let s = -1 + 4. What is j(s)?
5
Let a(q) = 15*q**2 - 2*q**3 + 3*q**3 + 8*q - 7*q**2 + 10. What is a(-7)?
3
Let k(r) be the second derivative of r**8/6720 - r**7/840 - r**6/240 + r**5/40 - 5*r**4/12 + 3*r. Let s(h) be the third derivative of k(h). Calculate s(3).
-6
Let t(v) = -v**2 - 4*v + 7. Let z be t(-5). Suppose 0 = w + z*w. Let b(x) = w*x + 2*x - 4 - x. What is b(5)?
1
Let t(p) = p + 15. Let m(k) = 3*k + 31. Let l(d) = -2*m(d) + 5*t(d). What is l(0)?
13
Let b(s) = 3*s + 1. Suppose -1 = -4*l + 5*l. Determine b(l).
-2
Let t(u) = -3*u + 6. Suppose -2*p - 2*j + 20 = 2*p, 16 = 2*p + 4*j. Calculate t(p).
-6
Let d(y) = y**2 - y. Let i(x) be the second derivative of -x**2 - 1/3*x**4 + 0 + x + 3/2*x**3. Let s(z) = -3*d(z) - i(z). Calculate s(4).
-6
Suppose c - 4 + 1 = 0. Let x be (0 + 0)/c - -1. Let z be (x/(-2))/((-1)/(-2)). Let t(y) = -5*y. What is t(z)?
5
Let q be 6/(-4) + 2/(-4). Let l(c) be the first derivative of -2*c**3/3 - c**2 + c - 36. Determine l(q).
-3
Let r(b) = -b**3 - 5*b**2 + 7*b + 1. Let t be (3 - 0)*(9 - 8)*-2. Determine r(t).
-5
Let p(m) = 4*m - m**3 - 2 - 3*m - 2*m. Calculate p(0).
-2
Let t = -92 + 93. Let i(l) = 2*l - 1. Determine i(t).
1
Let a(b) = b**3 - b**2 + 2*b - 3. Let u be a(2). Suppose -5*q + 45 = -0*q + u*d, -d = 3*q - 17. Let m(p) = -p**3 + 4*p**2 + 5*p - 4. Determine m(q).
16
Let h(f) = -2*f**3 - 2*f**2 + f + 1. Let k(x) = x - 1. Let y be k(-1). Let d be ((-14)/(-4))/(y/4). Let m = d - -5. Give h(m).
7
Let u(a) = -a**2 + a - a - 5. Let g(m) be the third derivative of -m**5/60 + m**4/6 + 5*m**3/6 + 3*m**2. Let t be g(5). Give u(t).
-5
Suppose -6*g + 3*g + 6 = 0. Let o(k) = -k**3 - 3*k**2 + 2*k + 1. Give o(g).
-15
Suppose -1 + 4 = -u. Let a(m) = 2*m**2 + 5*m + 4. What is a(u)?
7
Let q(r) = -r + 6. Let x be q(0). Suppose x*f = 4*f - 8. Let v(p) = p**2 + 4*p - 3. Determine v(f).
-3
Let a = 18 - 16. Let o(x) be the first derivative of -1/2*x**2 + 3*x + a. What is o(3)?
0
Let t(f) = 6*f**3 - f**2 - 2*f - 1. Suppose 0 = 7*d + 2 + 5. What is t(d)?
-6
Let n(i) = -3*i - 2. Suppose 0 = -24*w + 21*w - 6. Determine n(w).
4
Let x(w) = w**2 + 8 - 9*w + 2*w - 2. Suppose h = 3, 2*p - 3 + 10 = 5*h. Let q = p + 1. Give x(q).
-4
Let o(q) = q**3 + 3*q**2 + q - 1. Let x be o(-3). Let y(u) = u**3 - 6*u**2 + u - 1. Let r be y(6). Let f(w) = 1 + 5 + r*w + w**2 - 3. Determine f(x).
-1
Let k(q) be the first derivative of 2*q**2 + q - 6. Give k(1).
5
Let q(r) = -r**2 - 10*r - 3. Let p(k) = -k**2 - 11*k - 3. Let a(m) = -2*p(m) + 3*q(m). What is a(-6)?
9
Suppose 3*k + 5*n = -1 - 11, n + 16 = -4*k. Let s(a) = a**3 + 4*a**2 - 2*a + 2. What is s(k)?
10
Let c(l) = -3*l - 1. Let w = -19 - -2. Let o = w + 25. Suppose 20 = -5*d, -3*b - d = -7*b + o. Determine c(b).
-4
Let x(h) be the second derivative of -h**4/6 + 2*h**3/3 - 3*h**2/2 + 8*h. What is x(3)?
-9
Let s(m) be the second derivative of 0 + 7*m - 1/6*m**3 + 3/2*m**2. Calculate s(2).
1
Let k(d) be the second derivative of d**4/12 + d**3 - 5*d**2/2 + 9*d. Give k(-5).
-10
Let c(i) be the second derivative of -i**4/12 + i**3/3 - 5*i**2/2 + 5*i. What is c(4)?
-13
Let q(j) = 3*j**2 - 4*j - 2*j**2 - 2*j**2. Let x be q(-5). Let c(u) = 2*u. Calculate c(x).
-10
Let q(u) = 0*u**2 + 2*u + 3*u + 3*u + u**2. Suppose 3*a = 6*a + 15. Let b(p) = -p**2 - 9*p - 1. Let n(g) = a*b(g) - 6*q(g). Determine n(-4).
1
Let w be 20/8*(1 + 1). Suppose -w*y = -0 + 10. Let h(j) be the third derivative of -j**4/24 + j**3/3 + 2*j**2. Give h(y).
4
Let o(n) = 2*n - 4 + n**3 + 5*n**2 - 2*n**2 - 3*n - n. Determine o(-3).
2
Let a be 110/(-25) + 4/10. Let w = a + 7. Let d be 3 - w/6*-2. Let f(i) = i + 5. Give f(d).
9
Let k = -7 + 12. Suppose -k*a = -a. Let u(z) = -4*z - 3 + 4 + 2*z**2 - z**2 + a*z. Calculate u(3).
-2
Let j(q) be the first derivative of q**4/4 + 5*q**3/3 + 3*q**2/2 + 4*q - 5. What is j(-5)?
-11
Suppose 4*o - 12 - 4 = 0. Suppose -17 = -2*j - 3*l, -3*j - o*l + 24 = -0*l. Let z be 6/j*(-2)/1. Let y(i) = -i**3 - 2*i**2 + i - 2. Calculate y(z).
4
Let w(r) be the first derivative of 0*r - 3 - 4*r**2 + r + 3*r**2. Let d(j) = -3*j - 1. Let y be d(-1). Determine w(y).
-3
Let z(x) = -x**2 - 13*x + 17. Let i be 66/44 + (-62)/4. Determine z(i).
3
Let q(i) = -2*i**3 + i**2 + 2*i - 7. Let v(t) = t**2 + t - 1. Let l(j) = -q(j) + 5*v(j). What is l(-2)?
-4
Let k(v) = 6*v**2 - 2*v - 1. Let t(l) = -l**3 - 7*l**2 + 8*l - 1. Let z be t(-8). Give k(z).
7
Suppose 5*a = -4*u + 22, 5*a - 2*u = -0*a + 4. Let h(n) be the first derivative of 1/4*n**4 - 4*n + 2 - 2*n**a - 4/3*n**3. What is h(5)?
1
Let v(k) be the second derivative of k**4/12 - 7*